{"id":115,"date":"2017-04-27T14:38:44","date_gmt":"2017-04-27T13:38:44","guid":{"rendered":"http:\/\/www.belmar.pt\/?page_id=115"},"modified":"2020-07-10T12:31:37","modified_gmt":"2020-07-10T11:31:37","slug":"entrada","status":"publish","type":"page","link":"https:\/\/www.belmar.pt\/es\/","title":{"rendered":"Entrada"},"content":{"rendered":"<p>\u00a0<\/p>\n<h1>\u00a0<\/h1>\n<h1 class=\"rich-text block-editor-rich-text__editable has-text-align-center\" role=\"textbox\" contenteditable=\"true\" aria-multiline=\"true\" aria-label=\"Escreva um t\u00edtulo\u2026\">EN CADA LATA, UNA HISTORIA<\/h1>\n<p style=\"text-align: center; margin-left: 120px; margin-right: 120px;\">La marca BELMAR viene con la intenci\u00f3n de reunir un conjunto de conservas de pescado de calidad superior, elaboradas utilizando el m\u00e9todo artesanal, ense\u00f1ando as\u00ed lo mejor de Portugal.<\/p>\n\n\n<div class=\"wp-block-columns is-layout-flex wp-container-core-columns-is-layout-1 wp-block-columns-is-layout-flex\">\n<div class=\"wp-block-column is-layout-flow wp-block-column-is-layout-flow\">\n<figure class=\"wp-block-image size-large\"><img loading=\"lazy\" decoding=\"async\" width=\"626\" height=\"418\" src=\"http:\/\/www.belmar.pt\/es\/wp-content\/uploads\/sites\/9\/2020\/06\/home1.png\" alt=\"\" class=\"wp-image-540\"\/><\/figure>\n<\/div>\n\n\n\n<div class=\"wp-block-column is-layout-flow wp-block-column-is-layout-flow\">\n<figure class=\"wp-block-image size-large\"><img loading=\"lazy\" decoding=\"async\" width=\"605\" height=\"403\" src=\"http:\/\/www.belmar.pt\/es\/wp-content\/uploads\/sites\/9\/2020\/06\/home2.png\" alt=\"\" class=\"wp-image-541\"\/><\/figure>\n<\/div>\n\n\n\n<div class=\"wp-block-column is-layout-flow wp-block-column-is-layout-flow\">\n<figure class=\"wp-block-image size-large\"><img loading=\"lazy\" decoding=\"async\" width=\"1024\" height=\"683\" src=\"http:\/\/www.belmar.pt\/es\/wp-content\/uploads\/sites\/9\/2020\/07\/ACR8864-1024x683.jpg\" alt=\"\" class=\"wp-image-645\" srcset=\"https:\/\/www.belmar.pt\/es\/wp-content\/uploads\/sites\/9\/2020\/07\/ACR8864-1024x683.jpg 1024w, https:\/\/www.belmar.pt\/es\/wp-content\/uploads\/sites\/9\/2020\/07\/ACR8864-300x200.jpg 300w, https:\/\/www.belmar.pt\/es\/wp-content\/uploads\/sites\/9\/2020\/07\/ACR8864-768x513.jpg 768w, https:\/\/www.belmar.pt\/es\/wp-content\/uploads\/sites\/9\/2020\/07\/ACR8864-1536x1025.jpg 1536w, https:\/\/www.belmar.pt\/es\/wp-content\/uploads\/sites\/9\/2020\/07\/ACR8864-2048x1367.jpg 2048w, https:\/\/www.belmar.pt\/es\/wp-content\/uploads\/sites\/9\/2020\/07\/ACR8864-750x500.jpg 750w, https:\/\/www.belmar.pt\/es\/wp-content\/uploads\/sites\/9\/2020\/07\/ACR8864-555x370.jpg 555w\" sizes=\"(max-width: 1024px) 100vw, 1024px\" \/><\/figure>\n<\/div>\n<\/div>\n\n\n\n<h1 style=\"text-align: center;\">Sabe a Mar<\/h1>\n<p style=\"text-align: center; margin-left: 120px; margin-right: 120px;\">Nuestras conservas se hacen de una manera antigua, m\u00e1s lenta y con m\u00e1s trabajo manual, lo que se agrega a ellas adem\u00e1s de un sabor \u00fanico tra\u00eddo de alta mar, una calidad adicional, que hace que nuestro producto se integre de manera prestigiosa en el mercado.<\/p>\n\n\n\n<div class=\"wp-block-columns is-layout-flex wp-container-core-columns-is-layout-2 wp-block-columns-is-layout-flex\">\n<div class=\"wp-block-column is-layout-flow wp-block-column-is-layout-flow\">\n<figure class=\"wp-block-image size-large\"><img loading=\"lazy\" decoding=\"async\" width=\"1024\" height=\"684\" src=\"http:\/\/www.belmar.pt\/es\/wp-content\/uploads\/sites\/9\/2018\/12\/ACR8981-min-1024x684.jpg\" alt=\"\" class=\"wp-image-449\" srcset=\"https:\/\/www.belmar.pt\/es\/wp-content\/uploads\/sites\/9\/2018\/12\/ACR8981-min-1024x684.jpg 1024w, https:\/\/www.belmar.pt\/es\/wp-content\/uploads\/sites\/9\/2018\/12\/ACR8981-min-300x200.jpg 300w, https:\/\/www.belmar.pt\/es\/wp-content\/uploads\/sites\/9\/2018\/12\/ACR8981-min-768x513.jpg 768w, https:\/\/www.belmar.pt\/es\/wp-content\/uploads\/sites\/9\/2018\/12\/ACR8981-min-750x500.jpg 750w, https:\/\/www.belmar.pt\/es\/wp-content\/uploads\/sites\/9\/2018\/12\/ACR8981-min-600x401.jpg 600w\" sizes=\"(max-width: 1024px) 100vw, 1024px\" \/><\/figure>\n<\/div>\n\n\n\n<div class=\"wp-block-column is-layout-flow wp-block-column-is-layout-flow\">\n<figure class=\"wp-block-image size-large\"><img loading=\"lazy\" decoding=\"async\" width=\"1024\" height=\"684\" src=\"http:\/\/www.belmar.pt\/es\/wp-content\/uploads\/sites\/9\/2018\/12\/ACR8987-1024x684.jpg\" alt=\"\" class=\"wp-image-446\" srcset=\"https:\/\/www.belmar.pt\/es\/wp-content\/uploads\/sites\/9\/2018\/12\/ACR8987-1024x684.jpg 1024w, https:\/\/www.belmar.pt\/es\/wp-content\/uploads\/sites\/9\/2018\/12\/ACR8987-300x200.jpg 300w, https:\/\/www.belmar.pt\/es\/wp-content\/uploads\/sites\/9\/2018\/12\/ACR8987-768x513.jpg 768w, https:\/\/www.belmar.pt\/es\/wp-content\/uploads\/sites\/9\/2018\/12\/ACR8987-750x500.jpg 750w, https:\/\/www.belmar.pt\/es\/wp-content\/uploads\/sites\/9\/2018\/12\/ACR8987-600x401.jpg 600w\" sizes=\"(max-width: 1024px) 100vw, 1024px\" \/><\/figure>\n<\/div>\n\n\n\n<div class=\"wp-block-column is-layout-flow wp-block-column-is-layout-flow\">\n<figure class=\"wp-block-image size-large\"><img loading=\"lazy\" decoding=\"async\" width=\"1024\" height=\"684\" src=\"http:\/\/www.belmar.pt\/es\/wp-content\/uploads\/sites\/9\/2020\/07\/ACR8918-1-1024x684.jpg\" alt=\"\" class=\"wp-image-650\" srcset=\"https:\/\/www.belmar.pt\/es\/wp-content\/uploads\/sites\/9\/2020\/07\/ACR8918-1-1024x684.jpg 1024w, https:\/\/www.belmar.pt\/es\/wp-content\/uploads\/sites\/9\/2020\/07\/ACR8918-1-300x200.jpg 300w, https:\/\/www.belmar.pt\/es\/wp-content\/uploads\/sites\/9\/2020\/07\/ACR8918-1-768x513.jpg 768w, https:\/\/www.belmar.pt\/es\/wp-content\/uploads\/sites\/9\/2020\/07\/ACR8918-1-750x500.jpg 750w, https:\/\/www.belmar.pt\/es\/wp-content\/uploads\/sites\/9\/2020\/07\/ACR8918-1-555x370.jpg 555w, https:\/\/www.belmar.pt\/es\/wp-content\/uploads\/sites\/9\/2020\/07\/ACR8918-1.jpg 1495w\" sizes=\"(max-width: 1024px) 100vw, 1024px\" \/><\/figure>\n<\/div>\n<\/div>\n","protected":false},"excerpt":{"rendered":"<p>\u00a0 \u00a0 EN CADA LATA, UNA HISTORIA La marca BELMAR viene con la intenci\u00f3n de reunir un conjunto de conservas de pescado de calidad superior, elaboradas utilizando el m\u00e9todo artesanal, ense\u00f1ando as\u00ed lo mejor de Portugal. Sabe a Mar Nuestras conservas se hacen de una manera antigua, m\u00e1s lenta y con m\u00e1s trabajo manual, lo [&hellip;]<\/p>\n","protected":false},"author":1,"featured_media":0,"parent":0,"menu_order":0,"comment_status":"closed","ping_status":"closed","template":"template-fullwidth-no-title.php","meta":{"footnotes":""},"_links":{"self":[{"href":"https:\/\/www.belmar.pt\/es\/wp-json\/wp\/v2\/pages\/115"}],"collection":[{"href":"https:\/\/www.belmar.pt\/es\/wp-json\/wp\/v2\/pages"}],"about":[{"href":"https:\/\/www.belmar.pt\/es\/wp-json\/wp\/v2\/types\/page"}],"author":[{"embeddable":true,"href":"https:\/\/www.belmar.pt\/es\/wp-json\/wp\/v2\/users\/1"}],"replies":[{"embeddable":true,"href":"https:\/\/www.belmar.pt\/es\/wp-json\/wp\/v2\/comments?post=115"}],"version-history":[{"count":27,"href":"https:\/\/www.belmar.pt\/es\/wp-json\/wp\/v2\/pages\/115\/revisions"}],"predecessor-version":[{"id":713,"href":"https:\/\/www.belmar.pt\/es\/wp-json\/wp\/v2\/pages\/115\/revisions\/713"}],"wp:attachment":[{"href":"https:\/\/www.belmar.pt\/es\/wp-json\/wp\/v2\/media?parent=115"}],"curies":[{"name":"wp","href":"https:\/\/api.w.org\/{rel}","templated":true}]}}

<p> </p>
<h1> </h1>
<h1 class="rich-text block-editor-rich-text__editable has-text-align-center" role="textbox" contenteditable="true" aria-multiline="true" aria-label="Escreva um título…">EN CADA LATA, UNA HISTORIA</h1>
<p style="text-align: center; margin-left: 120px; margin-right: 120px;">La marca BELMAR viene con la intención de reunir un conjunto de conservas de pescado de calidad superior, elaboradas utilizando el método artesanal, enseñando así lo mejor de Portugal.</p>


<div class="wp-block-columns is-layout-flex wp-container-core-columns-is-layout-1 wp-block-columns-is-layout-flex">
<div class="wp-block-column is-layout-flow wp-block-column-is-layout-flow">
<figure class="wp-block-image size-large"><img loading="lazy" decoding="async" width="626" height="418" src="http://www.belmar.pt/es/wp-content/uploads/sites/9/2020/06/home1.png" alt="" class="wp-image-540"/></figure>
</div>



<div class="wp-block-column is-layout-flow wp-block-column-is-layout-flow">
<figure class="wp-block-image size-large"><img loading="lazy" decoding="async" width="605" height="403" src="http://www.belmar.pt/es/wp-content/uploads/sites/9/2020/06/home2.png" alt="" class="wp-image-541"/></figure>
</div>



<div class="wp-block-column is-layout-flow wp-block-column-is-layout-flow">
<figure class="wp-block-image size-large"><img loading="lazy" decoding="async" width="1024" height="683" src="http://www.belmar.pt/es/wp-content/uploads/sites/9/2020/07/ACR8864-1024x683.jpg" alt="" class="wp-image-645" srcset="https://www.belmar.pt/es/wp-content/uploads/sites/9/2020/07/ACR8864-1024x683.jpg 1024w, https://www.belmar.pt/es/wp-content/uploads/sites/9/2020/07/ACR8864-300x200.jpg 300w, https://www.belmar.pt/es/wp-content/uploads/sites/9/2020/07/ACR8864-768x513.jpg 768w, https://www.belmar.pt/es/wp-content/uploads/sites/9/2020/07/ACR8864-1536x1025.jpg 1536w, https://www.belmar.pt/es/wp-content/uploads/sites/9/2020/07/ACR8864-2048x1367.jpg 2048w, https://www.belmar.pt/es/wp-content/uploads/sites/9/2020/07/ACR8864-750x500.jpg 750w, https://www.belmar.pt/es/wp-content/uploads/sites/9/2020/07/ACR8864-555x370.jpg 555w" sizes="(max-width: 1024px) 100vw, 1024px" /></figure>
</div>
</div>



<h1 style="text-align: center;">Sabe a Mar</h1>
<p style="text-align: center; margin-left: 120px; margin-right: 120px;">Nuestras conservas se hacen de una manera antigua, más lenta y con más trabajo manual, lo que se agrega a ellas además de un sabor único traído de alta mar, una calidad adicional, que hace que nuestro producto se integre de manera prestigiosa en el mercado.</p>



<div class="wp-block-columns is-layout-flex wp-container-core-columns-is-layout-2 wp-block-columns-is-layout-flex">
<div class="wp-block-column is-layout-flow wp-block-column-is-layout-flow">
<figure class="wp-block-image size-large"><img loading="lazy" decoding="async" width="1024" height="684" src="http://www.belmar.pt/es/wp-content/uploads/sites/9/2018/12/ACR8981-min-1024x684.jpg" alt="" class="wp-image-449" srcset="https://www.belmar.pt/es/wp-content/uploads/sites/9/2018/12/ACR8981-min-1024x684.jpg 1024w, https://www.belmar.pt/es/wp-content/uploads/sites/9/2018/12/ACR8981-min-300x200.jpg 300w, https://www.belmar.pt/es/wp-content/uploads/sites/9/2018/12/ACR8981-min-768x513.jpg 768w, https://www.belmar.pt/es/wp-content/uploads/sites/9/2018/12/ACR8981-min-750x500.jpg 750w, https://www.belmar.pt/es/wp-content/uploads/sites/9/2018/12/ACR8981-min-600x401.jpg 600w" sizes="(max-width: 1024px) 100vw, 1024px" /></figure>
</div>



<div class="wp-block-column is-layout-flow wp-block-column-is-layout-flow">
<figure class="wp-block-image size-large"><img loading="lazy" decoding="async" width="1024" height="684" src="http://www.belmar.pt/es/wp-content/uploads/sites/9/2018/12/ACR8987-1024x684.jpg" alt="" class="wp-image-446" srcset="https://www.belmar.pt/es/wp-content/uploads/sites/9/2018/12/ACR8987-1024x684.jpg 1024w, https://www.belmar.pt/es/wp-content/uploads/sites/9/2018/12/ACR8987-300x200.jpg 300w, https://www.belmar.pt/es/wp-content/uploads/sites/9/2018/12/ACR8987-768x513.jpg 768w, https://www.belmar.pt/es/wp-content/uploads/sites/9/2018/12/ACR8987-750x500.jpg 750w, https://www.belmar.pt/es/wp-content/uploads/sites/9/2018/12/ACR8987-600x401.jpg 600w" sizes="(max-width: 1024px) 100vw, 1024px" /></figure>
</div>



<div class="wp-block-column is-layout-flow wp-block-column-is-layout-flow">
<figure class="wp-block-image size-large"><img loading="lazy" decoding="async" width="1024" height="684" src="http://www.belmar.pt/es/wp-content/uploads/sites/9/2020/07/ACR8918-1-1024x684.jpg" alt="" class="wp-image-650" srcset="https://www.belmar.pt/es/wp-content/uploads/sites/9/2020/07/ACR8918-1-1024x684.jpg 1024w, https://www.belmar.pt/es/wp-content/uploads/sites/9/2020/07/ACR8918-1-300x200.jpg 300w, https://www.belmar.pt/es/wp-content/uploads/sites/9/2020/07/ACR8918-1-768x513.jpg 768w, https://www.belmar.pt/es/wp-content/uploads/sites/9/2020/07/ACR8918-1-750x500.jpg 750w, https://www.belmar.pt/es/wp-content/uploads/sites/9/2020/07/ACR8918-1-555x370.jpg 555w, https://www.belmar.pt/es/wp-content/uploads/sites/9/2020/07/ACR8918-1.jpg 1495w" sizes="(max-width: 1024px) 100vw, 1024px" /></figure>
</div>
</div>

<p>    EN CADA LATA, UNA HISTORIA La marca BELMAR viene con la intención de reunir un conjunto de conservas de pescado de calidad superior, elaboradas utilizando el método artesanal, enseñando así lo mejor de Portugal. Sabe a Mar Nuestras conservas se hacen de una manera antigua, más lenta y con más trabajo manual, lo [&hellip;]</p>
